{"id":557,"date":"2016-10-13T09:50:20","date_gmt":"2016-10-13T09:50:20","guid":{"rendered":"http:\/\/xn--leserume-4za.de\/?page_id=557"},"modified":"2025-11-09T15:08:59","modified_gmt":"2025-11-09T15:08:59","slug":"hinweise-fur-die-beitragerinnen","status":"publish","type":"page","link":"https:\/\/xn--leserume-4za.de\/?page_id=557","title":{"rendered":"Hinweise f\u00fcr die Beitr\u00e4gerInnen"},"content":{"rendered":"<h3><b>Verfahren zur Auswahl der Beitr\u00e4ge<\/b><\/h3>\n<p>Die AutorInnen f\u00fcr die Beitr\u00e4ge werden entweder \u00fcber einen Aufruf zur Mitarbeit (Call) oder auf pers\u00f6nliche Einladung gewonnen. F\u00fcr\u00a0 Anfragen, die uns aufgrund eines Calls erreichen, gilt ein zweistufiges Auswahlverfahren:<\/p>\n<p>1. Vorl\u00e4ufige Annahme: Sie senden uns ein Abstract im Umfang von einer Seite (3500\u20135000 Zeichen) ein. Dieses wird in der Herausgeberrunde begutachtet. Beitragsvorschl\u00e4ge, die uns interessant und fundiert erscheinen, werden vorl\u00e4ufig angenommen und die potentiellen AutorInnen entsprechend informiert.<\/p>\n<p>2. Definitive Annahme: Die Herausgeberrunde entscheidet dann auf der Grundlage der eingereichten Manuskripte \u00fcber die definitive Annahme der Beitr\u00e4ge.<\/p>\n<p>Wir gehen davon aus, dass alle AutorInnen bereit sind, ihre Beitr\u00e4ge im Laufe der redaktionellen Betreuung zu \u00fcberarbeiten (&#8222;Editorial Review&#8220;).<\/p>\n<p><a href=\"https:\/\/xn--leserume-4za.de\/wp-content\/uploads\/2025\/11\/Leseraeume-Stylesheet.pdf\">Hinweise f\u00fcr die Manuskriptgestaltung<\/a><\/p>\n<p>&nbsp;<\/p>\n","protected":false},"excerpt":{"rendered":"<p>Verfahren zur Auswahl der Beitr\u00e4ge Die AutorInnen f\u00fcr die Beitr\u00e4ge werden entweder \u00fcber einen Aufruf zur Mitarbeit (Call) oder auf pers\u00f6nliche Einladung gewonnen. F\u00fcr\u00a0 Anfragen, die uns aufgrund eines Calls erreichen, gilt ein zweistufiges Auswahlverfahren: 1. Vorl\u00e4ufige Annahme: Sie senden uns ein Abstract im Umfang von einer Seite (3500\u20135000 Zeichen) ein. Dieses wird in der [&hellip;]<\/p>\n","protected":false},"author":1,"featured_media":0,"parent":22,"menu_order":100,"comment_status":"closed","ping_status":"open","template":"","meta":{"footnotes":""},"class_list":["post-557","page","type-page","status-publish","hentry"],"_links":{"self":[{"href":"https:\/\/xn--leserume-4za.de\/index.php?rest_route=\/wp\/v2\/pages\/557","targetHints":{"allow":["GET"]}}],"collection":[{"href":"https:\/\/xn--leserume-4za.de\/index.php?rest_route=\/wp\/v2\/pages"}],"about":[{"href":"https:\/\/xn--leserume-4za.de\/index.php?rest_route=\/wp\/v2\/types\/page"}],"author":[{"embeddable":true,"href":"https:\/\/xn--leserume-4za.de\/index.php?rest_route=\/wp\/v2\/users\/1"}],"replies":[{"embeddable":true,"href":"https:\/\/xn--leserume-4za.de\/index.php?rest_route=%2Fwp%2Fv2%2Fcomments&post=557"}],"version-history":[{"count":15,"href":"https:\/\/xn--leserume-4za.de\/index.php?rest_route=\/wp\/v2\/pages\/557\/revisions"}],"predecessor-version":[{"id":1307,"href":"https:\/\/xn--leserume-4za.de\/index.php?rest_route=\/wp\/v2\/pages\/557\/revisions\/1307"}],"up":[{"embeddable":true,"href":"https:\/\/xn--leserume-4za.de\/index.php?rest_route=\/wp\/v2\/pages\/22"}],"wp:attachment":[{"href":"https:\/\/xn--leserume-4za.de\/index.php?rest_route=%2Fwp%2Fv2%2Fmedia&parent=557"}],"curies":[{"name":"wp","href":"https:\/\/api.w.org\/{rel}","templated":true}]}}