{"id":270,"date":"2014-09-30T12:03:07","date_gmt":"2014-09-30T12:03:07","guid":{"rendered":"http:\/\/xn--leserume-4za.de\/?page_id=270"},"modified":"2020-02-26T14:42:25","modified_gmt":"2020-02-26T14:42:25","slug":"links","status":"publish","type":"page","link":"https:\/\/xn--leserume-4za.de\/?page_id=270","title":{"rendered":"Links"},"content":{"rendered":"<p>Wer sich f\u00fcr das Thema &#8222;Literalit\u00e4t&#8220; in Forschung und Schulpraxis interessiert, wird auch auf folgenden Seiten f\u00fcndig werden:<\/p>\n<p>&nbsp;<\/p>\n<ul>\n<li><a href=\"http:\/\/www.leseforum.ch\/\">Leseforum Schweiz &#8211; Literalit\u00e4t in Forschung und Praxis <\/a><\/li>\n<\/ul>\n<ul>\n<li><a href=\"http:\/\/www.didaktik-deutsch.de\/\">Didaktik Deutsch &#8211; Halbjahresschrift f\u00fcr die Didaktik der deutschen Sprache und Literatur<\/a><\/li>\n<\/ul>\n<ul>\n<li><a href=\"http:\/\/symposion-deutschdidaktik.de\/\">Symposion Deutschdidaktik<\/a><\/li>\n<\/ul>\n<ul>\n<li><a href=\"http:\/\/www.uni-giessen.de\/cms\/fbz\/fb05\/dies\">Didaktisch-empirische Schreibforschung: DieS online<\/a><\/li>\n<\/ul>\n<ul>\n<li><a href=\" http:\/\/www.l1research.org\/\">L1-Educational Studies in Language and Literature<\/a><\/li>\n<\/ul>\n<p>&nbsp;<\/p>\n","protected":false},"excerpt":{"rendered":"<p>Wer sich f\u00fcr das Thema &#8222;Literalit\u00e4t&#8220; in Forschung und Schulpraxis interessiert, wird auch auf folgenden Seiten f\u00fcndig werden: &nbsp; Leseforum Schweiz &#8211; Literalit\u00e4t in Forschung und Praxis Didaktik Deutsch &#8211; Halbjahresschrift f\u00fcr die Didaktik der deutschen Sprache und Literatur Symposion Deutschdidaktik Didaktisch-empirische Schreibforschung: DieS online L1-Educational Studies in Language and Literature &nbsp;<\/p>\n","protected":false},"author":1,"featured_media":0,"parent":0,"menu_order":2,"comment_status":"closed","ping_status":"open","template":"","meta":{"footnotes":""},"class_list":["post-270","page","type-page","status-publish","hentry"],"_links":{"self":[{"href":"https:\/\/xn--leserume-4za.de\/index.php?rest_route=\/wp\/v2\/pages\/270","targetHints":{"allow":["GET"]}}],"collection":[{"href":"https:\/\/xn--leserume-4za.de\/index.php?rest_route=\/wp\/v2\/pages"}],"about":[{"href":"https:\/\/xn--leserume-4za.de\/index.php?rest_route=\/wp\/v2\/types\/page"}],"author":[{"embeddable":true,"href":"https:\/\/xn--leserume-4za.de\/index.php?rest_route=\/wp\/v2\/users\/1"}],"replies":[{"embeddable":true,"href":"https:\/\/xn--leserume-4za.de\/index.php?rest_route=%2Fwp%2Fv2%2Fcomments&post=270"}],"version-history":[{"count":22,"href":"https:\/\/xn--leserume-4za.de\/index.php?rest_route=\/wp\/v2\/pages\/270\/revisions"}],"predecessor-version":[{"id":964,"href":"https:\/\/xn--leserume-4za.de\/index.php?rest_route=\/wp\/v2\/pages\/270\/revisions\/964"}],"wp:attachment":[{"href":"https:\/\/xn--leserume-4za.de\/index.php?rest_route=%2Fwp%2Fv2%2Fmedia&parent=270"}],"curies":[{"name":"wp","href":"https:\/\/api.w.org\/{rel}","templated":true}]}}